ide 29299598?
False
Is 455160070 a multiple of 2399?
False
Does 170 divide 188557200?
True
Does 244 divide 164431409?
False
Does 734 divide 2314172063?
False
Is 29 a factor of 606228623?
False
Is 7 a factor of 3219181815?
False
Is 20267196 a multiple of 351?
False
Is 7337350 a multiple of 257?
True
Is 49344225 a multiple of 159?
False
Is 60 a factor of 53030760?
True
Is 6036615 a multiple of 663?
True
Is 385 a factor of 19782820?
False
Is 1905 a factor of 297357961?
False
Is 224 a factor of 11211243?
False
Does 167 divide 433562451?
False
Does 282 divide 10775502?
True
Does 5 divide 38401915?
True
Is 1439 a factor of 14341074?
True
Is 113 a factor of 57833501?
False
Is 76199186 a multiple of 176?
False
Is 92 a factor of 25724676?
False
Is 121 a factor of 86925674?
True
Is 3150997 a multiple of 127?
True
Is 64150425 a multiple of 311?
False
Is 58179984 a multiple of 246?
True
Is 168419367 a multiple of 3746?
False
Is 757175540 a multiple of 44?
True
Does 506 divide 78143309?
False
Is 74 a factor of 115016173?
False
Is 195 a factor of 880579245?
True
Is 31 a factor of 121138879?
False
Is 13 a factor of 15143919?
False
Is 580 a factor of 3580920?
True
Does 127 divide 25036058?
False
Does 69 divide 876417575?
False
Does 10 divide 43348130?
True
Does 362 divide 29527978?
True
Is 103241532 a multiple of 186?
True
Does 17 divide 249940775?
False
Is 3822482277 a multiple of 404?
False
Is 2095972865 a multiple of 115?
True
Does 61 divide 108402221?
False
Is 164158685 a multiple of 149?
False
Is 6323160 a multiple of 115?
True
Does 523 divide 135130032?
False
Is 8 a factor of 75252048?
True
Is 24454283 a multiple of 476?
False
Is 10881044 a multiple of 107?
True
Is 686 a factor of 3629626?
True
Does 267 divide 37753266?
True
Is 850 a factor of 1573525100?
True
Is 12 a factor of 183754356?
True
Does 890 divide 1384544?
False
Is 1271 a factor of 25893420?
False
Is 1525313050 a multiple of 11?
False
Is 510 a factor of 2007905238?
False
Does 104 divide 403179712?
True
Is 597385502 a multiple of 413?
True
Is 247 a factor of 46698808?
True
Does 10 divide 52068440?
True
Is 124 a factor of 145054601?
False
Does 84 divide 40563516?
True
Does 89 divide 11022472?
True
Is 16447861 a multiple of 299?
False
Is 79 a factor of 21710859?
True
Is 1353489030 a multiple of 6?
True
Is 80 a factor of 3891400960?
True
Is 616658618 a multiple of 2092?
False
Does 1506 divide 18999725?
False
Does 264 divide 13233264?
True
Is 25 a factor of 951970697?
False
Is 3820448932 a multiple of 712?
False
Is 923514498 a multiple of 4554?
False
Is 28212819 a multiple of 92?
False
Is 1011885 a multiple of 69?
True
Does 12 divide 339405230?
False
Is 9 a factor of 36359901?
True
Is 8 a factor of 57958128?
True
Is 23151273 a multiple of 15?
False
Is 228928260 a multiple of 3540?
True
Does 4736 divide 2340327552?
True
Is 1705929071 a multiple of 32?
False
Does 4 divide 57642196?
True
Does 1995 divide 163121175?
True
Does 279 divide 5224417011?
True
Is 3 a factor of 4416241?
False
Is 494 a factor of 9837076?
False
Is 43425720 a multiple of 468?
True
Is 1358824800 a multiple of 75?
True
Does 109 divide 282591898?
False
Does 7 divide 439022185?
True
Is 3283 a factor of 541383202?
False
Does 136 divide 262437553?
False
Does 12 divide 402913224?
True
Does 45 divide 1643623?
False
Does 86 divide 315624483?
False
Does 2431 divide 794366255?
False
Does 93 divide 263247542?
False
Is 180166935 a multiple of 139?
True
Is 350304928 a multiple of 32?
True
Is 307 a factor of 16139877?
False
Does 1924 divide 50810192?
False
Does 270 divide 1790595990?
True
Is 183595936 a multiple of 608?
True
Does 5262 divide 2127542364?
True
Is 285320138 a multiple of 910?
False
Does 2 divide 17237535?
False
Does 25 divide 28834206?
False
Does 2 divide 2019533?
False
Does 41 divide 652710134?
False
Is 614478794 a multiple of 10?
False
Is 10142771 a multiple of 33?
False
Is 92166666 a multiple of 56?
False
Is 15 a factor of 23999152?
False
Does 189 divide 20729290?
False
Is 29 a factor of 12160106?
True
Is 1923 a factor of 2838171084?
True
Is 33842164 a multiple of 135?
False
Is 69 a factor of 197594860?
False
Is 43615677 a multiple of 7?
True
Is 368711720 a multiple of 247?
True
Is 90191370 a multiple of 107?
True
Does 457 divide 1626248252?
False
Does 43 divide 92054142?
True
Is 268772232 a multiple of 116?
True
Does 1167 divide 98571822?
True
Is 801055994 a multiple of 74?
True
Is 31308272 a multiple of 398?
True
Is 188 a factor of 368724588?
True
Does 251 divide 262326967?
False
Is 43 a factor of 558719511?
True
Is 87430285 a multiple of 43?
False
Is 1206483970 a multiple of 11077?
False
Does 1603 divide 389526381?
False
Is 109 a factor of 25616401?
False
Does 397 divide 2010805?
True
Is 836 a factor of 35890274?
False
Is 155343720 a multiple of 435?
True
Is 459 a factor of 719253?
True
Is 1295 a factor of 1416377760?
True
Does 201 divide 419118969?
True
Is 4188 a factor of 174925946?
False
Is 19 a factor of 414901945?
False
Is 414903118 a multiple of 10?
False
Is 874015104 a multiple of 91?
False
Is 131415279 a multiple of 861?
False
Does 91 divide 124629414?
True
Is 766 a factor of 135440766?
False
Does 20 divide 5142075851?
False
Is 813565010 a multiple of 11?
False
Is 54976020 a multiple of 310?
True
Does 11 divide 126237419?
True
Is 11 a factor of 1951550876?
True
Does 97 divide 91306772?
False
Is 676896994 a multiple of 1185?
False
Does 16 divide 950225072?
True
Does 1497 divide 2921004?
False
Does 26 divide 232113388?
True
Is 332 a factor of 115477488?
False
Does 11 divide 1070796601?
False
Is 6 a factor of 2243594?
False
Does 21 divide 23798610?
False
Is 20 a factor of 55091520?
True
Is 8 a factor of 11384720?
True
Is 96643654 a multiple of 46?
True
Is 729 a factor of 10162793?
False
Is 172821780 a multiple of 60?
True
Is 11832645 a multiple of 2404?
False
Is 17 a factor of 32938945?
True
Is 143319328 a multiple of 32?
True
Is 11 a factor of 807381238?
False
Is 19234975 a multiple of 215?
True
Is 647641340 a multiple of 1465?
True
Is 30 a factor of 104232360?
True
Does 31 divide 32458945?
False
Is 738 a factor of 211938840?
True
Is 305108175 a multiple of 286?
False
Is 22 a factor of 1593537484?
True
Does 3950 divide 1121121039?
False
Is 2116 a factor of 1366591092?
True
Is 46 a factor of 547614?
False
Does 6848 divide 234626176?
True
Does 4 divide 376533004?
True
Is 23474104 a multiple of 2?
True
Does 20 divide 38982089?
False
Does 3 divide 2891948?
False
Is 186139824 a multiple of 398?
True
Is 2167 a factor of 50029920?
False
Is 55 a factor of 681842590?
True
Does 14 divide 56834610?
True
Does 5688 divide 665075088?
True
Does 174 divide 661281436?
False
Is 146 a factor of 44510582?
True
Is 37734391 a multiple of 1190?
False
Is 2653968 a multiple of 48?
True
Does 180 divide 15158340?
True
Is 19 a factor of 28433473?
False
Does 2765 divide 5101383525?
True
Is 47 a factor of 87374526?
False
Does 2378 divide 482994268?
False
Is 4529036 a multiple of 2?
True
Does 19 divide 158431253?
True
Is 109 a factor of 2146110483?
True
Is 3179 a factor of 369815494?
False
Is 6 a factor of 53328636?
True
Does 212 divide 322696955?
False
Is 170 a factor of 11584820?
True
Is 948 a factor of 21915864?
True
Does 11 divide 51230826?
False
Does 5 divide 34868940?
True
Does 86 divide 2874756250?
False
Does 4877 divide 440546428?
False
Is 336611000 a multiple of 134?
False
Does 48 divide 1625110032?
True
Is 50 a factor of 647397089?
False
Does 2884 divide 3712789500?
True
Is 455793208 a multiple of 89?
True
Is 33 a factor of 116425650?
True
Is 149 a factor of 22026223?
True
Is 17 a factor of 272493663?
True
Is 21 a factor of 4852659?
True
Is 8239500 a multiple of 250?
True
Does 752 divide 63052944?
True
Does 263 divide 1650876?
False
Is 343311815 a multiple of 7?
True
Is 5444381 a multiple of 85?
False
Is 41926500 a multiple of 750?
True
Does 1940 divide 134990218?
False
Does 650 divide 194021100?
True
Is 3038452652 a multiple of 6745?
False
Is 49641188 a multiple of 386?
False
Does 13 divide 209626665?
False
Does 9425 divide 894479625?
True
Is 23434916 a multiple of 2190?
False
Is 383474817 a multiple of 891?
True
Is 276 a factor of 624464904?
True
Is 27 a factor of 1292997222?
True
Is 232 a factor of 26090062?
False
Does 12 divide 